en 3590752 is divided by 698.
240
Calculate the remainder when 770477 is divided by 1107.
5
What is the remainder when 56700244 is divided by 1123?
1097
Calculate the remainder when 2036117 is divided by 33935.
17
Calculate the remainder when 172275 is divided by 35.
5
What is the remainder when 50626472 is divided by 10168?
0
Calculate the remainder when 16640898 is divided by 1188634.
22
What is the remainder when 257626 is divided by 32?
26
What is the remainder when 20753187 is divided by 15316?
7
Calculate the remainder when 5995 is divided by 5926.
69
What is the remainder when 2119550 is divided by 74?
42
Calculate the remainder when 3291324 is divided by 4325.
4324
Calculate the remainder when 9232290 is divided by 391.
389
Calculate the remainder when 146552996 is divided by 36638240.
36
What is the remainder when 714671 is divided by 89?
1
What is the remainder when 165912 is divided by 454?
202
Calculate the remainder when 1431928 is divided by 715957.
14
What is the remainder when 5844 is divided by 2095?
1654
Calculate the remainder when 21993683 is divided by 1999425.
8
What is the remainder when 838147 is divided by 142?
63
Calculate the remainder when 83922 is divided by 41926.
70
What is the remainder when 1129093 is divided by 188161?
127
Calculate the remainder when 1598384 is divided by 8155.
4
Calculate the remainder when 35043932 is divided by 872.
868
What is the remainder when 9540 is divided by 1683?
1125
Calculate the remainder when 1607200 is divided by 178570.
70
What is the remainder when 1773344 is divided by 747?
713
Calculate the remainder when 279023 is divided by 7340.
103
Calculate the remainder when 748258 is divided by 24.
10
Calculate the remainder when 9219 is divided by 1312.
35
What is the remainder when 102020093 is divided by 256?
253
Calculate the remainder when 209867 is divided by 950.
867
Calculate the remainder when 101573447 is divided by 7255244.
31
Calculate the remainder when 64097 is divided by 1635.
332
Calculate the remainder when 1068124588 is divided by 117.
115
Calculate the remainder when 8033769 is divided by 753.
12
Calculate the remainder when 22397716 is divided by 394.
392
What is the remainder when 105130 is divided by 51752?
1626
What is the remainder when 1926859 is divided by 605?
539
What is the remainder when 92041 is divided by 45745?
551
What is the remainder when 1053 is divided by 339?
36
Calculate the remainder when 19395960 is divided by 98.
94
Calculate the remainder when 15616826 is divided by 17.
14
Calculate the remainder when 28169662 is divided by 679.
668
Calculate the remainder when 97305 is divided by 88.
65
Calculate the remainder when 63419733 is divided by 6341972.
13
What is the remainder when 840420 is divided by 3430?
70
Calculate the remainder when 1384320 is divided by 34608.
0
Calculate the remainder when 8072270 is divided by 4901.
323
What is the remainder when 549445919 is divided by 1968?
1967
What is the remainder when 18513529 is divided by 722?
5
Calculate the remainder when 230929 is divided by 19244.
1
Calculate the remainder when 726956 is divided by 350.
6
What is the remainder when 15937670 is divided by 1328130?
110
Calculate the remainder when 687339 is divided by 32.
11
Calculate the remainder when 379328 is divided by 75844.
108
Calculate the remainder when 9718917 is divided by 8.
5
What is the remainder when 27368180 is divided by 1799?
1792
What is the remainder when 3329098 is divided by 243?
241
Calculate the remainder when 3055444 is divided by 343.
0
Calculate the remainder when 16898966 is divided by 1343.
1340
What is the remainder when 32174268 is divided by 5362378?
0
Calculate the remainder when 1578881 is divided by 244.
201
Calculate the remainder when 33966048 is divided by 214.
182
Calculate the remainder when 35563 is divided by 1866.
109
What is the remainder when 133254 is divided by 66622?
10
What is the remainder when 292699 is divided by 26588?
231
What is the remainder when 351634 is divided by 175794?
46
Calculate the remainder when 526462 is divided by 824.
750
What is the remainder when 20905830 is divided by 5226450?
30
What is the remainder when 19104397 is divided by 52?
13
Calculate the remainder when 136872947 is divided by 34.
31
What is the remainder when 8710788 is divided by 1190?
1178
What is the remainder when 24781601 is divided by 71623?
43
What is the remainder when 815239 is divided by 459?
55
Calculate the remainder when 44861 is divided by 2530.
1851
What is the remainder when 645428257 is divided by 657?
655
Calculate the remainder when 1230310 is divided by 156.
94
Calculate the remainder when 337277 is divided by 2477.
405
What is the remainder when 308659 is divided by 3957?
13
Calculate the remainder when 4049256 is divided by 2498.
2496
Calculate the remainder when 52549862 is divided by 8.
6
Calculate the remainder when 79207 is divided by 102.
55
Calculate the remainder when 23131 is divided by 9629.
3873
What is the remainder when 565730 is divided by 70711?
42
Calculate the remainder when 71342892 is divided by 14.
12
Calculate the remainder when 45022 is divided by 22064.
894
Calculate the remainder when 210554 is divided by 134.
40
What is the remainder when 1802987 is divided by 47?
20
Calculate the remainder when 654782 is divided by 1249.
306
What is the remainder when 12911 is divided by 12704?
207
What is the remainder when 1033572 is divided by 4?
0
Calculate the remainder when 46925 is divided by 1471.
1324
What is the remainder when 10866 is divided by 165?
141
Calculate the remainder when 30632302 is divided by 3174.
28
What is the remainder when 111659 is divided by 53677?
4305
Calculate the remainder when 899628991 is divided by 14252.
14247
Calculate the remainder when 2848948 is divided by 130.
128
What is the remainder when 1339082 is divided by 508?
502
Calculate the remainder when 63765 is divided by 31874.
17
Calculate the remainder when 188105 is divided by 3510.
2075
What is the remainder when 14190 is divided by 11548?
2642
What is the remainder when 1895967 is divided by 82?
45
Calculate the remainder when 22776244 is divided by 569406.
4
What is the remainder when 29381443 is divided by 14?
7
What is the remainder when 368998 is divided by 13167?
322
What is the remainder when 5961199 is divided by 1309?
13
What is the remainder when 671700 is divided by 4221?
561
What is the remainder when 168462 is divided by 28046?
186
What is the remainder when 23490423 is divided by 1516?
3
Calculate the remainder when 9071786 is divided by 312820.
6
What is the remainder when 93937 is divided by 3782?
3169
Calculate the remainder when 6270218 is divided by 110.
108
Calculate the remainder when 732221 is divided by 102.
65
What is the remainder when 1667161 is divided by 4027?
4010
What is the remainder when 3626344 is divided by 54123?
103
Calculate the remainder when 12167900 is divided by 1592.
244
Calculate the remainder when 640235 is divided by 213309.
308
Calculate the remainder when 257912 is divided by 51555.
137
Calculate the remainder when 18429806 is divided by 190.
186
What is the remainder when 5813685 is divided by 232?
229
Calculate the remainder when 20581542 is divided by 5145382.
14
Calculate the remainder when 1639291 is divided by 13884.
979
Calculate the remainder when 631688 is divided by 19116.
860
What is the remainder when 274367180 is divided by 30?
20
Calculate the remainder when 7332684 is divided by 253.
238
Calculate the remainder when 681601 is divided by 339238.
3125
Calculate the remainder when 12138 is divided by 328.
2
Calculate the remainder when 1570867 is divided by 1029.
613
Calculate the remainder when 1669393 is divided by 36291.
7
Calculate the remainder when 1028381 is divided by 342770.
71
Calculate the remainder when 11266586 is divided by 28.
2
Calculate the remainder when 402421 is divided by 2704.
2229
What is the remainder when 8383874 is divided by 12839?
7
Calculate the remainder when 2815861 is divided by 17599.
21
What is the remainder when 369940 is divided by 1706?
1444
Calculate the remainder when 887220 is divided by 289.
279
What is the remainder when 106353 is divided by 105692?
661
What is the remainder whe